239 prime?
True
Is 133885225367 prime?
False
Is 127372613227 composite?
False
Is 2095375273 composite?
True
Is 47473711291 prime?
False
Is 6766453479 a composite number?
True
Is 16783578995 a prime number?
False
Is 10695035531 a prime number?
True
Is 16052060039 a composite number?
False
Is 462297271 a composite number?
False
Is 32651378477 a prime number?
False
Is 4221426841 prime?
True
Is 95397707 a composite number?
False
Is 1184344921 composite?
False
Is 2393177989 composite?
False
Is 217944659 composite?
False
Is 17971253434 composite?
True
Is 5294875297 a prime number?
True
Is 4946749001 prime?
True
Is 39039566935 composite?
True
Is 27790387 composite?
False
Is 318732008527 a composite number?
False
Is 13573289087 composite?
True
Is 2747703682 composite?
True
Is 73982114161 composite?
False
Is 27225605783 prime?
False
Is 814246819 prime?
True
Is 93140941511 prime?
False
Is 2940838249 prime?
True
Is 30676660171 composite?
False
Is 65050088693 composite?
False
Is 12010292699 a prime number?
True
Is 1390246229 a prime number?
False
Is 587972663 a composite number?
True
Is 2195729977 composite?
True
Is 1841296499 prime?
False
Is 687608641 composite?
True
Is 7960431673 a composite number?
True
Is 227434013 prime?
False
Is 5110402679 a composite number?
True
Is 10296957863 a composite number?
False
Is 30145584814 a composite number?
True
Is 479853161 composite?
False
Is 28554423767 a prime number?
False
Is 4541060231 a prime number?
True
Is 492823931 composite?
True
Is 2292883441 a composite number?
False
Is 8891942827 a prime number?
True
Is 22927289107 composite?
False
Is 43748136083 a prime number?
True
Is 3696339203 composite?
True
Is 2359139743 a prime number?
True
Is 15287419349 composite?
False
Is 14092268357 prime?
True
Is 255359717 a prime number?
True
Is 3316592359 prime?
True
Is 319439773 a prime number?
False
Is 15047974663 a composite number?
True
Is 36124698169 prime?
False
Is 61336763 a composite number?
True
Is 5308305979 composite?
False
Is 58944943201 prime?
False
Is 2390540281 prime?
True
Is 317620338751 a prime number?
False
Is 15850020167 prime?
False
Is 246920959 prime?
False
Is 655545907 prime?
True
Is 4732567426 a composite number?
True
Is 26186104069 composite?
False
Is 850566731 composite?
True
Is 265457333 composite?
False
Is 1834273829 a composite number?
True
Is 2283044371 prime?
True
Is 24175938965 a composite number?
True
Is 2981199887 a prime number?
False
Is 38440144241 a composite number?
True
Is 33528800381 prime?
True
Is 193709949 composite?
True
Is 15095749 prime?
False
Is 40044859418 a prime number?
False
Is 6162151445 composite?
True
Is 9449919043 a composite number?
True
Is 10762679581 composite?
True
Is 501703451 composite?
True
Is 575723951 a prime number?
False
Is 2168533659 prime?
False
Is 564950411 composite?
False
Is 67251683 composite?
False
Is 25294605877 a composite number?
True
Is 49749079 composite?
True
Is 5182338883 a composite number?
False
Is 1567139927 a composite number?
False
Is 88097741 prime?
False
Is 23610216857 prime?
True
Is 3249765899 a composite number?
False
Is 1539915821 prime?
True
Is 3047695701 a prime number?
False
Is 44795466193 a prime number?
False
Is 2888189 composite?
False
Is 204603067 prime?
True
Is 329853233 composite?
False
Is 90346537 a composite number?
False
Is 37543546627 a composite number?
False
Is 18391961923 composite?
False
Is 3358685747 a prime number?
False
Is 15411976579 composite?
False
Is 1388045091 composite?
True
Is 3361890137 a composite number?
False
Is 173118737419 a prime number?
True
Is 2411705091 prime?
False
Is 45184737989 composite?
True
Is 22068379 prime?
True
Is 1487447579 composite?
False
Is 22159657631 composite?
False
Is 84556503751 a prime number?
False
Is 1026053881 a composite number?
False
Is 5796393151 composite?
True
Is 14969235581 composite?
True
Is 2836217519 composite?
False
Is 55378496413 a composite number?
False
Is 4276998263 prime?
False
Is 6647804039 prime?
True
Is 821003539 a composite number?
False
Is 19118018635 a prime number?
False
Is 4339908401 a composite number?
False
Is 24771136349 composite?
True
Is 1441320857 composite?
False
Is 1060370833 prime?
False
Is 4187050669 a composite number?
True
Is 1351841789 prime?
False
Is 3310442585 composite?
True
Is 5896585391 composite?
False
Is 228127391 prime?
True
Is 102658080593 a composite number?
True
Is 380056218965 a prime number?
False
Is 31536026917 composite?
False
Is 2025205433 composite?
False
Is 11952712957 prime?
False
Is 580877581 prime?
False
Is 142049959 prime?
True
Is 2022196913 a composite number?
True
Is 1359844589 a prime number?
False
Is 4289599 composite?
False
Is 681530183 a prime number?
False
Is 9859552051 a prime number?
True
Is 96172327 prime?
True
Is 7590946613 a prime number?
True
Is 14465570087 composite?
True
Is 2552609867 composite?
False
Is 912507863 a composite number?
True
Is 21158232203 composite?
False
Is 11332886329 a composite number?
False
Is 60046852783 a prime number?
True
Is 70713472597 a prime number?
True
Is 3381122854 a prime number?
False
Is 50439788257 composite?
False
Is 24924068167 composite?
True
Is 1990018817 prime?
True
Is 5744693527 a composite number?
True
Is 35778919601 a prime number?
True
Is 526936381 composite?
False
Is 233588128973 a prime number?
False
Is 22645858133 a composite number?
True
Is 8713847 prime?
False
Is 91542062153 a prime number?
False
Is 15030906967 prime?
False
Is 4923815847 a composite number?
True
Is 1936995757 composite?
False
Is 44955984263 prime?
True
Is 131159942 a prime number?
False
Is 131090098831 a composite number?
False
Is 16781255627 composite?
True
Is 80772037 a composite number?
False
Is 2490172037 a prime number?
False
Is 9395271911 prime?
False
Is 64435349 prime?
False
Is 1987043057 prime?
True
Is 83049899867 prime?
False
Is 10603741 a prime number?
False
Is 5558587337 a composite number?
False
Is 418492667 a prime number?
False
Is 980021113 a composite number?
False
Is 5626154735 a prime number?
False
Is 7761127251 a prime number?
False
Is 8919477269 composite?
False
Is 205530593 a prime number?
True
Is 48538776173 prime?
True
Is 39276622547 composite?
False
Is 5296243967 prime?
False
Is 1941071879 a prime number?
False
Is 11305595453 prime?
False
Is 3475671529 a prime number?
False
Is 5999526154 composite?
True
Is 407120027 composite?
False
Is 12605898491 a composite number?
True
Is 80720611 prime?
False
Is 132399811 a prime number?
True
Is 19044473219 composite?
True
Is 250878265477 a composite number?
True
Is 3887966471 a composite number?
False
Is 4149819407 composite?
False
Is 348464353981 a prime number?
False
Is 16257449641 prime?
False
Is 1222196491 prime?
True
Is 2388809183 composite?
False
Is 985365515 a composite number?
True
Is 9738093877 a prime number?
False
Is 99884419441 a prime number?
False
Is 631782227 composite?
True
Is 104558723 composite?
False
Is 16225131397 a prime number?
False
Is 7363356977 composite?
True
Is 54892314223 composite?
False
Is 16325139569 composite?
True
Is 735880766 a composite number?
True
Is 206496677 a prime number?
True
Is 3046256474 composite?
True
Is 313865249 prime?
False
Is 999546419 prime?
True
Is 43616598143 composite?
True
Is 11837688587 composite?
True
Is 707424329 a prime number?
True
Is 491898389 composite?
True
Is 1161236827 prime?
True
Is 54433804949 a composite number?
False
Is 12446689889 a prime number?
True
Is 1023920074 composite?
True
Is 2448256691 a composite number?
True
Is 83864003921 a prime number?
True
Is 89104785839 composite?
False
Is 44483379497 a composite number?
False
Is 3650424653 prime?
False
Is 1928869667 a prime number?
True
Is 733967323 a composite number?
False
Is 3431367809 composite?
True
Is 1756254323 composite?
False
Is 68253779183 prime?
True
Is 20047743743 prime?
True
Is 25970230093 a composite number?
True
Is 11429342867 prime?
False
Is 10956967115 a composite number?
True
Is 200946457 a prime number?
True
Is 828448711 a composite number?
False
Is 54160738183 a prime number?
False
Is 163539811 prime?
True
Is 370293947 a composite number?
True
Is 459470083 prime?
False
Is 242085901 prime?
False
Is 21976823455 composite?
True
Is 84010985939 composite?
True
Is 1043593073 a composite number?
Fa